-2*j**2 + 15*j + 1. Let f be i(6). Suppose -4*w + 479 = 3*p - f, w - 128 = p. What is the units digit of w?
6
Suppose 0 = -18*t + 11*t + 2730. Let y = t + -98. What is the tens digit of y?
9
Suppose 19*u - 2632 = 17*u. Suppose -6*h + 274 + u = 0. What is the units digit of h?
5
Let f(i) = -29*i - 18. Let c be (-52)/10 - (-1)/5. Let j(a) = a**2 + 7*a + 5. Let y be j(c). What is the tens digit of f(y)?
2
Suppose -2*n = 5*a - 14, 0*a - 4*a = -5*n + 2. Suppose 3*j = -3*i + 819, -j + 187 + 74 = -a*i. What is the units digit of j?
9
Let v = 480 - 267. Suppose 3*o - 153 - v = s, 5*o - 587 = -6*s. What is the tens digit of o?
2
Let j(w) = -3*w**3 + 5*w**2 + 4*w + 25. Let i(f) = -14*f**3 + 19*f**2 + 16*f + 100. Let p(b) = 2*i(b) - 9*j(b). What is the tens digit of p(-10)?
1
Let a be 9/15 - (407688/30 - 3). What is the tens digit of (-6)/(-27) - (a/(-9))/(-2)?
5
Suppose 4*g = -4*n + 8, 5*g - 5 - 4 = -4*n. Let z be (-1212)/(-9)*(g + 2). Let w = 576 - z. What is the units digit of w?
2
What is the thousands digit of ((-150)/60)/((-5)/3564)?
1
Suppose -6*y - 21695 = -91025. Suppose -y = -12*q - 1007. What is the tens digit of q?
7
What is the thousands digit of (1839 + 1)*(-1054)/(-248)?
7
Let y(d) = -34*d**3 + 6*d**2 + 2*d - 5. Let r be y(-3). Suppose -r - 1599 = -20*c. What is the units digit of c?
8
Suppose -u - 3489 = -2*n, n - 4*u - 1750 = -9*u. Suppose -63*y + 58*y = -n. What is the tens digit of y?
4
Let s = -112 + 348. Suppose w - s = -t + 4*w, 0 = -5*t - 3*w + 1090. What is the hundreds digit of t?
2
Let p(b) = b**3 + 8*b**2 - 2*b - 9. Let j be p(-8). Let n(d) = 2*d**3 - 7*d**2 + 12*d - 9. What is the hundreds digit of n(j)?
4
Suppose 4*o = -8, 8*q = 3*q + 2*o + 14. Suppose -2*x - 8 = -q*w, -x - 12 = 4*w + 2*x. Let v = 4 - w. What is the units digit of v?
4
Suppose -3*y + 11607 + 17640 = p, 0 = -2*y - 3*p + 19484. What is the units digit of y?
1
Suppose 0 = -3*p - 9, 262*z - 129744 = 259*z - 2*p. What is the thousands digit of z?
3
Let y(t) = 63*t**2 + 48*t + 70. Let a(l) = -31*l**2 - 24*l - 35. Let c(u) = 11*a(u) + 6*y(u). What is the tens digit of c(-2)?
3
Let t(s) = -2*s**3 + 9*s**2 + 5*s + 7. Let n be (13 + -1 + 3)/3. Let l be t(n). Let d(b) = -b**3 + 10*b**2 - 11*b + 7. What is the units digit of d(l)?
7
Suppose 228*h - 284*h + 143024 = 0. What is the hundreds digit of h?
5
Let u = 3157 - 4663. Let i = u - -2271. What is the tens digit of i?
6
Let f(v) = -7*v - 11. Let y be f(-2). Let l = -1002 - -1713. Suppose 2*n - l = -y*a, 0 = a - 4*n - 26 - 225. What is the hundreds digit of a?
2
Suppose 5*p = -0*s - 5*s + 29400, 5*p + s - 29396 = 0. What is the units digit of p?
9
Let c(p) = -p**3 - 8*p**2 + 5*p + 90. Let m be c(-7). What is the hundreds digit of (114/27*m)/((-2)/(-21))?
2
Suppose -5*o + 0*r + 2298 = 3*r, -450 = -o - 3*r. Let w = o - 266. Let g = -63 + w. What is the units digit of g?
3
Let q(v) = -v**3 + 10*v**2 + 20*v - 11. Let l = 32 - 37. Let j be (-16)/(-2) + (-2 - l). What is the tens digit of q(j)?
8
Let h be (20 - 5)*(-23552)/(-40). What is the hundreds digit of (-2)/(-4)*h/32?
1
Let d(f) = -166*f + 39. Let i be d(3). Let o = i - -705. What is the hundreds digit of o?
2
Let b = 148822 - 72250. What is the thousands digit of b?
6
Let q be 3*(4/(-30) + 1120/25). Let m = q + 208. What is the tens digit of m?
4
Let z = -332 + 491. Let r = -67 + z. What is the units digit of r?
2
Suppose 5*u - 5*v - 113459 = 108396, -2*u - 3*v + 88742 = 0. What is the units digit of u?
1
Let y = 55586 - 38937. What is the hundreds digit of y?
6
Let o = 416 + 6835. What is the thousands digit of o?
7
Suppose -4*p - 48 = 4*d + 64, -p - 48 = 5*d. Suppose 1591 = 105*n + 331. Let q = n - p. What is the tens digit of q?
3
Suppose 60*b - 214452 = 37*b. What is the hundreds digit of b?
3
Let t = -18678 - -46379. What is the tens digit of t?
0
Let j(r) = -53*r + 6. Suppose -4*a = -4*s + 36, -a - s - 10 = -3*s. What is the units digit of j(a)?
0
Let c be (12063/6)/(1/(-2)*1). What is the tens digit of c/(-7) - (-9)/(-21)?
7
Let h(y) = -37*y**2 + y - 10. Let r be h(3). Let k = r + 587. What is the units digit of k?
7
Suppose 14*k - 6 = 8. What is the units digit of 3/(4400/(-1470) + 2 + k)?
1
Let a(i) = -7*i**2 + 72*i + 18. Let j be a(15). Let n = j + 1050. What is the tens digit of n?
7
Let s(t) = -239*t**3 - 4*t**2 - 4*t - 9. What is the units digit of s(-3)?
0
Let n(c) = 4*c + 2. Let g be n(-5). Let u be (-6)/g - 22/(-6). Suppose 2*v - 61 = -5*z, -u*z - 153 + 45 = -4*v. What is the tens digit of v?
2
Suppose 20*p - 24*p = -16. Let a be (-7)/(-14) + (-390)/p. Let d = a + 140. What is the units digit of d?
3
Suppose -4*r + 5*r = -2*u - 10, -2*r - 5 = u. Suppose -5*t - 25 = r, -11 = -i + 4*i + t. Let m = i - -49. What is the units digit of m?
7
Let q be (7 - (-35)/(-5))/(-3). Suppose -4*x - o + 3272 = -3*o, q = x + 2*o - 818. What is the units digit of x?
8
Let w(s) = 4*s - 202*s**3 - 2 - 5*s + 35*s**3. Let q be w(-1). Suppose -p - 5*t = -2*p + q, t + 902 = 5*p. What is the units digit of p?
1
Let p be ((-6510)/4 + -3)*(-4)/3. Suppose p = 13*k - 3065. What is the hundreds digit of k?
4
Let k(j) = -j**2 + 10*j - 12. Let a be k(8). Suppose -4*d - 4*x + x = -83, 3*x + 53 = a*d. What is the units digit of d?
7
Let k(r) = 57*r**2 - 32*r + 17. What is the tens digit of k(-13)?
6
Let c = -151 - -160. Suppose c*v - 798 = 6*v. What is the hundreds digit of v?
2
Let t be 3*-1*3*-1. Let w(g) = -g + 14. Let l(y) = -20*y + 182. Let u(a) = -l(a) + 12*w(a). What is the tens digit of u(t)?
5
Let j = -16167 - -25972. What is the hundreds digit of j?
8
Suppose 0 = 32*t + 52*t - 356664. What is the tens digit of t?
4
Let h = -9 + 29. Let d be -10*(2 - 44/h). Suppose -292 = -d*p + 102. What is the hundreds digit of p?
1
Let o be (-720)/54*(-1 - (-1)/(-2)). Let g = o - -89. Let i = -49 + g. What is the units digit of i?
0
Let i = 3184 + -544. Suppose -6*d - 4*d = -i. What is the tens digit of d?
6
Let c(o) = 493 - 13*o - 245 + 2*o**2 - 239. Let l be c(8). Suppose 4*n = l + 203. What is the tens digit of n?
5
Let p(d) = d - 4. Let j be p(6). Suppose -5*g - j*t + 382 = 2*t, 0 = -2*g - 3*t + 150. Suppose 3*x - 222 = g. What is the tens digit of x?
0
Suppose -k + 2590 = -5*p, 2*k + 4*p = 6*k - 10408. What is the tens digit of k?
0
Suppose -2900 = -15*p + 34870. Suppose -p = -15*v + 2072. What is the units digit of v?
6
Suppose -5*w + 2*w - 4218 = 2*h, h + 4*w = -2109. Let k = h - -3081. What is the tens digit of k?
7
Let g be (2 + -2)/(12/(-6)). Let i(c) = -c**3 - 2*c**2 - c + 39. Let z be i(g). What is the units digit of (611/z)/((-1)/(-3))?
7
Suppose 5*i + 3900 = -4*b, i + b + 394 = -387. Let s = -15 - i. What is the tens digit of s?
6
Let l = 1788 + -216. Suppose 3*y = 2*q + l, 6*y - 2*y = q + 2101. What is the hundreds digit of y?
5
Let j(s) be the first derivative of -18*s**2 - 9*s + 478. Suppose 2*l = 3 - 15. What is the units digit of j(l)?
7
Let u = 11291 + -3972. What is the hundreds digit of u?
3
Let n(b) = 3*b**2 + 9*b - 25. Let g be n(-5). Suppose -g*l + 3485 = 2*d, 3*l - 724 = 2*l + 5*d. What is the units digit of l?
9
Let c = -875 + 918. Let h = -101 + 64. Let i = h + c. What is the units digit of i?
6
Suppose -103*y - 5355 = -m - 105*y, 0 = 2*m + y - 10698. What is the tens digit of m?
4
Let h(u) = 381*u**2 + 8*u + 4. Let x(z) = z**2 - 2. Let c(p) = h(p) - 2*x(p). What is the units digit of c(-1)?
9
Suppose 0 = 26*h - 25*h - 12. Suppose 0 = 3*u + 5*c - 1404, 10*u - h*u = -4*c - 958. What is the units digit of u?
3
Let t be 16/4 + (3 - 0). Suppose -3*v + 5*w + 1034 = 0, 3*v - 998 = 3*w - t*w. Suppose -v = -3*l + 2*s + 97, -282 = -2*l + 4*s. What is the hundreds digit of l?
1
Suppose 0 = 4*w - 5*v - 18, w - 2*w = -4*v - 10. Let y be (-2)/(-10) + 69/5. Let l = w + y. What is the tens digit of l?
1
Let i(s) = -s**2 + 10*s + 4. Let u be i(4). Let f be (-16)/u*35/(-2). What is the tens digit of (f - -29)/((-6)/(-32))?
0
Let q be ((-4)/(-4) - 0)*0. Suppose q = 5*r + 48 - 63. Suppose -r*g - a + 556 = 0, -4*a + 971 = 5*g + 42. What is the hundreds digit of g?
1
Let u(p) = 1176*p - 4122. What is the units digit of u(12)?
0
Let u be 656/246 - (-7)/3. Suppose u*f + 7*f - 15792 = 0. What is the thousands digit of f?
1
Suppose -3*f - f = -i + 937, 15 = 3*i. Let u = 716 + f. What 